{"id":235,"date":"2018-01-10T16:25:28","date_gmt":"2018-01-10T15:25:28","guid":{"rendered":"http:\/\/wgmedia-server4.de\/abn-schallschutz.de\/?page_id=235"},"modified":"2019-01-07T13:21:02","modified_gmt":"2019-01-07T12:21:02","slug":"lamda-schalldaempfer","status":"publish","type":"page","link":"http:\/\/wgmedia-server4.de\/abn-schallschutz.de\/produkte\/lamda-schalldaempfer\/","title":{"rendered":"Lamda Schalld\u00e4mpfer"},"content":{"rendered":"\n<style type=\"text\/css\" data-created_by=\"avia_inline_auto\" id=\"style-css-av-3uvq5f-02ddd2c046b91dd52d97b16c73dd1e8f\">\n.avia-section.av-3uvq5f-02ddd2c046b91dd52d97b16c73dd1e8f{\nbackground-color:#315482;\nbackground-image:url(unset);\n}\n<\/style>\n<div id='av_section_1'  class='avia-section av-3uvq5f-02ddd2c046b91dd52d97b16c73dd1e8f main_color avia-section-no-padding avia-no-border-styling  avia-builder-el-0  el_before_av_section  avia-builder-el-first  avia-bg-style-scroll container_wrap sidebar_right'  ><div class='container av-section-cont-open' ><main  role=\"main\" itemprop=\"mainContentOfPage\"  class='template-page content  av-content-small alpha units'><div class='post-entry post-entry-type-page post-entry-235'><div class='entry-content-wrapper clearfix'>\n\n<style type=\"text\/css\" data-created_by=\"avia_inline_auto\" id=\"style-css-av-3rs4ej-4ba6924082ab144d3af4b389ddec1a01\">\n.flex_column.av-3rs4ej-4ba6924082ab144d3af4b389ddec1a01{\nborder-radius:0px 0px 0px 0px;\n-webkit-border-radius:0px 0px 0px 0px;\n-moz-border-radius:0px 0px 0px 0px;\n}\n<\/style>\n<div class='flex_column av-3rs4ej-4ba6924082ab144d3af4b389ddec1a01 av_one_half  avia-builder-el-1  el_before_av_one_half  avia-builder-el-first  first flex_column_div av-zero-column-padding '   ><style type=\"text\/css\" data-created_by=\"avia_inline_auto\" id=\"style-css-av-3m1byj-bdec236b0ece22c6a1119297e8301553\">\n.avia-image-container.av-3m1byj-bdec236b0ece22c6a1119297e8301553 .av-image-caption-overlay-center{\ncolor:#ffffff;\n}\n<\/style>\n<div  class='avia-image-container av-3m1byj-bdec236b0ece22c6a1119297e8301553 av-styling- avia-align-center  avia-builder-el-2  avia-builder-el-no-sibling '  itemprop=\"image\" itemscope=\"itemscope\" itemtype=\"https:\/\/schema.org\/ImageObject\" ><div class=\"avia-image-container-inner\"><div class=\"avia-image-overlay-wrap\"><img decoding=\"async\" class='wp-image-141 avia-img-lazy-loading-not-141 avia_image' src=\"http:\/\/wgmedia-server4.de\/abn-schallschutz.de\/wp-content\/uploads\/2018\/01\/welt-01.png\" alt='' title='welt-01'  height=\"200\" width=\"600\"  itemprop=\"thumbnailUrl\" srcset=\"http:\/\/wgmedia-server4.de\/abn-schallschutz.de\/wp-content\/uploads\/2018\/01\/welt-01.png 600w, http:\/\/wgmedia-server4.de\/abn-schallschutz.de\/wp-content\/uploads\/2018\/01\/welt-01-300x100.png 300w, http:\/\/wgmedia-server4.de\/abn-schallschutz.de\/wp-content\/uploads\/2018\/01\/welt-01-450x150.png 450w\" sizes=\"(max-width: 600px) 100vw, 600px\" \/><\/div><\/div><\/div><\/div>\n<style type=\"text\/css\" data-created_by=\"avia_inline_auto\" id=\"style-css-av-3c8wgj-b640ad74bca7c0497b201f9f3cff70c9\">\n.flex_column.av-3c8wgj-b640ad74bca7c0497b201f9f3cff70c9{\nborder-radius:0px 0px 0px 0px;\n-webkit-border-radius:0px 0px 0px 0px;\n-moz-border-radius:0px 0px 0px 0px;\n}\n<\/style>\n<div class='flex_column av-3c8wgj-b640ad74bca7c0497b201f9f3cff70c9 av_one_half  avia-builder-el-3  el_after_av_one_half  avia-builder-el-last  flex_column_div av-zero-column-padding '   ><style type=\"text\/css\" data-created_by=\"avia_inline_auto\" id=\"style-css-av-3ait4b-d38530f7a2af171a0eddcd0b745c90ee\">\n.avia-image-container.av-3ait4b-d38530f7a2af171a0eddcd0b745c90ee .av-caption-image-overlay-bg{\nopacity:0.4;\n}\n.avia-image-container.av-3ait4b-d38530f7a2af171a0eddcd0b745c90ee .av-image-caption-overlay-center{\ncolor:#ffffff;\n}\n<\/style>\n<div  class='avia-image-container av-3ait4b-d38530f7a2af171a0eddcd0b745c90ee av-styling- avia-align-center  avia-builder-el-4  avia-builder-el-no-sibling  noHover av-overlay-on-hover'  itemprop=\"image\" itemscope=\"itemscope\" itemtype=\"https:\/\/schema.org\/ImageObject\" ><div class=\"avia-image-container-inner\"><div class=\"avia-image-overlay-wrap\"><a href=\"http:\/\/wgmedia-server4.de\/abn-schallschutz.de\/\" class='avia_image' ><div class=\"av-image-caption-overlay\"><div class=\"av-caption-image-overlay-bg\"><\/div><div class=\"av-image-caption-overlay-position\"><div class=\"av-image-caption-overlay-center\"><\/div><\/div><\/div><img decoding=\"async\" class='wp-image-19 avia-img-lazy-loading-not-19 avia_image' src=\"http:\/\/wgmedia-server4.de\/abn-schallschutz.de\/wp-content\/uploads\/2017\/12\/abn-schallschutz-logo.png\" alt='' title='abn-schallschutz-logo'  height=\"200\" width=\"555\"  itemprop=\"thumbnailUrl\" srcset=\"http:\/\/wgmedia-server4.de\/abn-schallschutz.de\/wp-content\/uploads\/2017\/12\/abn-schallschutz-logo.png 555w, http:\/\/wgmedia-server4.de\/abn-schallschutz.de\/wp-content\/uploads\/2017\/12\/abn-schallschutz-logo-300x108.png 300w, http:\/\/wgmedia-server4.de\/abn-schallschutz.de\/wp-content\/uploads\/2017\/12\/abn-schallschutz-logo-450x162.png 450w\" sizes=\"(max-width: 555px) 100vw, 555px\" \/><\/a><\/div><\/div><\/div><\/div><\/div><\/div><\/main><!-- close content main element --><\/div><\/div>\n<style type=\"text\/css\" data-created_by=\"avia_inline_auto\" id=\"style-css-av-304kwb-e260c96cce4824f131c6c01b5c2a033e\">\n.avia-section.av-304kwb-e260c96cce4824f131c6c01b5c2a033e{\nbackground-color:#c4d444;\nbackground-image:url(unset);\n}\n<\/style>\n<div id='sp-height'  class='avia-section av-304kwb-e260c96cce4824f131c6c01b5c2a033e main_color avia-section-no-padding avia-no-border-styling  avia-builder-el-5  el_after_av_section  el_before_av_section  avia-bg-style-scroll container_wrap sidebar_right'  ><div class='container av-section-cont-open' ><div class='template-page content  av-content-small alpha units'><div class='post-entry post-entry-type-page post-entry-235'><div class='entry-content-wrapper clearfix'>\n\n<style type=\"text\/css\" data-created_by=\"avia_inline_auto\" id=\"style-css-av-2vw9vf-b1c7259896421e1bb0f68a717e63c64d\">\n#top .av_textblock_section.av-2vw9vf-b1c7259896421e1bb0f68a717e63c64d .avia_textblock{\nfont-size:28px;\ncolor:#325482;\n}\n\n@media only screen and (min-width: 480px) and (max-width: 767px){ \n#top .av_textblock_section.av-2vw9vf-b1c7259896421e1bb0f68a717e63c64d .avia_textblock{\nfont-size:18px;\n}\n}\n\n@media only screen and (max-width: 479px){ \n#top .av_textblock_section.av-2vw9vf-b1c7259896421e1bb0f68a717e63c64d .avia_textblock{\nfont-size:15px;\n}\n}\n<\/style>\n<section  class='av_textblock_section av-2vw9vf-b1c7259896421e1bb0f68a717e63c64d'  itemscope=\"itemscope\" itemtype=\"https:\/\/schema.org\/CreativeWork\" ><div class='avia_textblock av_inherit_color'  itemprop=\"text\" ><p style=\"text-align: center;\"><strong>WIR SORGEN F\u00dcR EINE LEISERE UMWELT!<\/strong><\/p>\n<\/div><\/section>\n<\/p>\n<\/div><\/div><\/div><!-- close content main div --><\/div><\/div><div id='av_section_3'  class='avia-section av-2qmo97-01ff7e3745a791d6204592e0785c26f2 main_color avia-section-no-padding avia-no-border-styling  avia-builder-el-7  el_after_av_section  el_before_av_one_full  avia-bg-style-scroll container_wrap sidebar_right'  ><div class='container av-section-cont-open' ><div class='template-page content  av-content-small alpha units'><div class='post-entry post-entry-type-page post-entry-235'><div class='entry-content-wrapper clearfix'>\n<div  class='avia-slideshow av-2jvfb7-dc0983e16ffaab751a1c313379c998f4 av-control-default avia-slideshow-no scaling av_slideshow avia-fade-slider  avia-builder-el-8  avia-builder-el-no-sibling  av-default-height-applied avia-slideshow-1'  data-size='no scaling'  data-lightbox_size='large'  data-animation='fade'  data-conditional_play=''  data-ids='147'  data-video_counter='0'  data-autoplay='true'  data-bg_slider='false'  data-slide_height=''  data-handle='av_slideshow'  data-interval='6'  data-class=' avia-builder-el-8  avia-builder-el-no-sibling '  data-extra_class=''  data-el_id=''  data-css_id=''  data-scroll_down=''  data-control_layout='av-control-default'  data-custom_markup=''  data-perma_caption=''  data-autoplay_stopper=''  data-image_attachment=''  data-min_height='0px'  data-lazy_loading='disabled'  data-default-height='20'  data-img_scrset=''  data-av-desktop-hide=''  data-av-medium-hide=''  data-av-small-hide=''  data-av-mini-hide=''  data-alb_description=''  data-id=''  data-custom_class=''  data-template_class=''  data-av_uid='av-2jvfb7'  data-sc_version='1.0'  data-heading_tag=''  data-heading_class=''   itemprop=\"image\" itemscope=\"itemscope\" itemtype=\"https:\/\/schema.org\/ImageObject\" ><ul class='avia-slideshow-inner ' style='padding-bottom: 20%;'><li  class='avia-slideshow-slide av-2jvfb7-dc0983e16ffaab751a1c313379c998f4__0  av-single-slide slide-1 ' ><div data-rel='slideshow-1' class='avia-slide-wrap '   ><img decoding=\"async\" class=\"wp-image-147 avia-img-lazy-loading-not-147\"  src=\"http:\/\/wgmedia-server4.de\/abn-schallschutz.de\/wp-content\/uploads\/2018\/01\/abn-schallschutz-weltweit-02-small.jpg\" width=\"1500\" height=\"300\" title='abn-schallschutz-weltweit-02-small' alt=''  itemprop=\"thumbnailUrl\" srcset=\"http:\/\/wgmedia-server4.de\/abn-schallschutz.de\/wp-content\/uploads\/2018\/01\/abn-schallschutz-weltweit-02-small.jpg 1500w, http:\/\/wgmedia-server4.de\/abn-schallschutz.de\/wp-content\/uploads\/2018\/01\/abn-schallschutz-weltweit-02-small-300x60.jpg 300w, http:\/\/wgmedia-server4.de\/abn-schallschutz.de\/wp-content\/uploads\/2018\/01\/abn-schallschutz-weltweit-02-small-768x154.jpg 768w, http:\/\/wgmedia-server4.de\/abn-schallschutz.de\/wp-content\/uploads\/2018\/01\/abn-schallschutz-weltweit-02-small-1030x206.jpg 1030w, http:\/\/wgmedia-server4.de\/abn-schallschutz.de\/wp-content\/uploads\/2018\/01\/abn-schallschutz-weltweit-02-small-705x141.jpg 705w, http:\/\/wgmedia-server4.de\/abn-schallschutz.de\/wp-content\/uploads\/2018\/01\/abn-schallschutz-weltweit-02-small-450x90.jpg 450w\" sizes=\"(max-width: 1500px) 100vw, 1500px\" \/><\/div><\/li><\/ul><\/div>\n<\/div><\/div><\/div><!-- close content main div --><\/div><\/div><div id='after_section_3'  class='main_color av_default_container_wrap container_wrap sidebar_right'  ><div class='container av-section-cont-open' ><div class='template-page content  av-content-small alpha units'><div class='post-entry post-entry-type-page post-entry-235'><div class='entry-content-wrapper clearfix'>\n\n<style type=\"text\/css\" data-created_by=\"avia_inline_auto\" id=\"style-css-av-2abglf-332e063bb40a405329bf1dbef7e45f46\">\n.flex_column.av-2abglf-332e063bb40a405329bf1dbef7e45f46{\nborder-radius:0px 0px 0px 0px;\n-webkit-border-radius:0px 0px 0px 0px;\n-moz-border-radius:0px 0px 0px 0px;\n}\n<\/style>\n<div class='flex_column av-2abglf-332e063bb40a405329bf1dbef7e45f46 av_one_full  avia-builder-el-9  el_after_av_section  el_before_av_hr  avia-builder-el-first  first flex_column_div av-zero-column-padding '   ><section  class='av_textblock_section av-23mahv-eb5f64288f4104140216bafa81b02226'  itemscope=\"itemscope\" itemtype=\"https:\/\/schema.org\/CreativeWork\" ><div class='avia_textblock'  itemprop=\"text\" ><h1>Lamda \u00bc Schalld\u00e4mpfer &#8211; Resonatorkulissenschalld\u00e4mpfer<\/h1>\n<\/div><\/section><\/div>\n\n<style type=\"text\/css\" data-created_by=\"avia_inline_auto\" id=\"style-css-av-1x9zcz-0969aeb9f98918a7c5156f3099cd3632\">\n#top .hr.hr-invisible.av-1x9zcz-0969aeb9f98918a7c5156f3099cd3632{\nheight:20px;\n}\n<\/style>\n<div  class='hr av-1x9zcz-0969aeb9f98918a7c5156f3099cd3632 hr-invisible  avia-builder-el-11  el_after_av_one_full  el_before_av_one_full '><span class='hr-inner '><span class=\"hr-inner-style\"><\/span><\/span><\/div>\n<div class='flex_column_table av-6ceej-8f14eea9cf27114a2c4f8ab7dd932c63 sc-av_one_full av-equal-height-column-flextable'>\n<style type=\"text\/css\" data-created_by=\"avia_inline_auto\" id=\"style-css-av-6ceej-8f14eea9cf27114a2c4f8ab7dd932c63\">\n.flex_column.av-6ceej-8f14eea9cf27114a2c4f8ab7dd932c63{\nborder-radius:0px 0px 0px 0px;\n-webkit-border-radius:0px 0px 0px 0px;\n-moz-border-radius:0px 0px 0px 0px;\n}\n<\/style>\n<div class='flex_column av-6ceej-8f14eea9cf27114a2c4f8ab7dd932c63 av_one_full  avia-builder-el-12  el_after_av_hr  el_before_av_hr  first flex_column_table_cell av-equal-height-column av-align-top  av-animated-generic pop-up av-zero-column-padding '   ><section  class='av_textblock_section av-1ljz8b-d32e0370cf72a3bf33cf2639019cbb5c'  itemscope=\"itemscope\" itemtype=\"https:\/\/schema.org\/CreativeWork\" ><div class='avia_textblock'  itemprop=\"text\" ><p>Gasturbinen sind besonders l\u00e4rmintensive Maschinen. Um den hohen Anforderungen des \u00a0\u00a0\u00a0\u00a0\u00a0Umweltschutzes an moderne Gasturbinenkraftwerke gerecht zu werden, sind f\u00fcr diese Anlagen spezielle Schalld\u00e4mpfer erforderlich. Das betrifft sowohl deren Ansaug- als auch deren Abgasseite. Dabei stellen beide Seiten unterschiedliche Anforderungen an Engineering, Materialauswahl und Fertigung. So m\u00fcssen Ansaugschalld\u00e4mpfer insbesondere hohe Frequenzen d\u00e4mpfen, die durch den Drehklang der Verdichterstufe hervorgerufen werden.<\/p>\n<p>Absorptionsschalld\u00e4mpfer in Kulissenform f\u00fcr Ger\u00e4uschquellen mit breitbandigen Spektren, wie beispielsweise bei Gasturbinen oder K\u00fchlt\u00fcrmen<\/p>\n<p>Resonatorschalld\u00e4mpfer nach dem Helmholtz und\/oder Lambda\/4-Prinzip f\u00fcr den Einsatz bei staubhaltigen Medien, wie in Kohlekraftwerken und Rauchgasentschwefelungsanlagen<\/p>\n<p>Ausblaseschalld\u00e4mpfer, beispielsweise f\u00fcr die Verwendung in Kombi- und Dampfturbinenkraftwerken, wenn gasf\u00f6rmige Medien in hohem Druck an die Umgebung abgegeben werden m\u00fcssen.<\/p>\n<p>Resonator &#8211; Kulissenschalld\u00e4mpfer sind insbesondere bei staubhaltigen Medien in L\u00fcftungen oder Abgasen im Vorteil. Sie wirken nach dem Interferenzverfahren, bei dem sich die Schallwellen gegenseitig ausl\u00f6schen (aktive L\u00e4rmkompensation) und m\u00fcssen daher speziell f\u00fcr einzelne Frequenzbereiche ausgelegt werden. F\u00fcr optimale Ergebnisse kombinieren wir sie mit Platten &#8211; Resonatorelementen und passen sie an die jeweiligen Geh\u00e4usegeometrien an.<\/p>\n<\/div><\/section><\/div><\/div><!--close column table wrapper. Autoclose: 1 -->\n\n<style type=\"text\/css\" data-created_by=\"avia_inline_auto\" id=\"style-css-av-1dwjc3-2856565e5cdf3af0a9e2eae1c185e64f\">\n#top .hr.hr-invisible.av-1dwjc3-2856565e5cdf3af0a9e2eae1c185e64f{\nheight:20px;\n}\n<\/style>\n<div  class='hr av-1dwjc3-2856565e5cdf3af0a9e2eae1c185e64f hr-invisible  avia-builder-el-14  el_after_av_one_full  el_before_av_one_full '><span class='hr-inner '><span class=\"hr-inner-style\"><\/span><\/span><\/div>\n<div class='flex_column_table av-18jt2b-cf11b4a57289d74251d988ef9ce089a1 sc-av_one_full av-equal-height-column-flextable'>\n<style type=\"text\/css\" data-created_by=\"avia_inline_auto\" id=\"style-css-av-18jt2b-cf11b4a57289d74251d988ef9ce089a1\">\n.flex_column.av-18jt2b-cf11b4a57289d74251d988ef9ce089a1{\nborder-radius:0px 0px 0px 0px;\n-webkit-border-radius:0px 0px 0px 0px;\n-moz-border-radius:0px 0px 0px 0px;\n}\n<\/style>\n<div class='flex_column av-18jt2b-cf11b4a57289d74251d988ef9ce089a1 av_one_full  avia-builder-el-15  el_after_av_hr  el_before_av_hr  first flex_column_table_cell av-equal-height-column av-align-top  av-animated-generic pop-up av-zero-column-padding '   ><style type=\"text\/css\" data-created_by=\"avia_inline_auto\" id=\"style-css-av-12gi03-3f429a916c4587fea6242584f80da700\">\n#top .avia-gallery.av-12gi03-3f429a916c4587fea6242584f80da700 .avia-gallery-thumb a{\nwidth:25%;\n}\n<\/style>\n<div  class='avia-gallery av-12gi03-3f429a916c4587fea6242584f80da700 avia_animate_when_visible  avia-builder-el-16  avia-builder-el-no-sibling  deactivate_avia_lazyload avia-gallery-animate avia-gallery-1'  itemprop=\"image\" itemscope=\"itemscope\" itemtype=\"https:\/\/schema.org\/ImageObject\" ><meta itemprop=\"contentURL\" content=\"http:\/\/wgmedia-server4.de\/abn-schallschutz.de\/produkte\/lamda-schalldaempfer\/\"><div class='avia-gallery-thumb'><a href=\"http:\/\/wgmedia-server4.de\/abn-schallschutz.de\/wp-content\/uploads\/2018\/01\/lamda-schalldaempfer-01.jpg\" data-srcset=\"http:\/\/wgmedia-server4.de\/abn-schallschutz.de\/wp-content\/uploads\/2018\/01\/lamda-schalldaempfer-01.jpg 450w, http:\/\/wgmedia-server4.de\/abn-schallschutz.de\/wp-content\/uploads\/2018\/01\/lamda-schalldaempfer-01-225x300.jpg 225w\" data-sizes=\"(max-width: 450px) 100vw, 450px\" data-rel='gallery-1' data-prev-img='http:\/\/wgmedia-server4.de\/abn-schallschutz.de\/wp-content\/uploads\/2018\/01\/lamda-schalldaempfer-01.jpg' class='first_thumb lightbox ' data-onclick='1' title='lamda-schalldaempfer-01'  itemprop=\"thumbnailUrl\"  ><img decoding=\"async\" class=\"wp-image-237 avia-img-lazy-loading-not-237\"   src=\"http:\/\/wgmedia-server4.de\/abn-schallschutz.de\/wp-content\/uploads\/2018\/01\/lamda-schalldaempfer-01-180x180.jpg\" width=\"180\" height=\"180\"  title='lamda-schalldaempfer-01' alt='' srcset=\"http:\/\/wgmedia-server4.de\/abn-schallschutz.de\/wp-content\/uploads\/2018\/01\/lamda-schalldaempfer-01-180x180.jpg 180w, http:\/\/wgmedia-server4.de\/abn-schallschutz.de\/wp-content\/uploads\/2018\/01\/lamda-schalldaempfer-01-80x80.jpg 80w, http:\/\/wgmedia-server4.de\/abn-schallschutz.de\/wp-content\/uploads\/2018\/01\/lamda-schalldaempfer-01-36x36.jpg 36w, http:\/\/wgmedia-server4.de\/abn-schallschutz.de\/wp-content\/uploads\/2018\/01\/lamda-schalldaempfer-01-120x120.jpg 120w, http:\/\/wgmedia-server4.de\/abn-schallschutz.de\/wp-content\/uploads\/2018\/01\/lamda-schalldaempfer-01-450x450.jpg 450w\" sizes=\"(max-width: 180px) 100vw, 180px\" \/><div class='big-prev-fake'><img loading=\"lazy\" decoding=\"async\" class=\"wp-image-237 avia-img-lazy-loading-237\"  width=\"450\" height=\"600\" src=\"http:\/\/wgmedia-server4.de\/abn-schallschutz.de\/wp-content\/uploads\/2018\/01\/lamda-schalldaempfer-01.jpg\" title='lamda-schalldaempfer-01' alt='' srcset=\"http:\/\/wgmedia-server4.de\/abn-schallschutz.de\/wp-content\/uploads\/2018\/01\/lamda-schalldaempfer-01.jpg 450w, http:\/\/wgmedia-server4.de\/abn-schallschutz.de\/wp-content\/uploads\/2018\/01\/lamda-schalldaempfer-01-225x300.jpg 225w\" sizes=\"auto, (max-width: 450px) 100vw, 450px\" \/><\/div><\/a><a href=\"http:\/\/wgmedia-server4.de\/abn-schallschutz.de\/wp-content\/uploads\/2018\/01\/lamda-schalldaempfer-02.jpg\" data-srcset=\"http:\/\/wgmedia-server4.de\/abn-schallschutz.de\/wp-content\/uploads\/2018\/01\/lamda-schalldaempfer-02.jpg 450w, http:\/\/wgmedia-server4.de\/abn-schallschutz.de\/wp-content\/uploads\/2018\/01\/lamda-schalldaempfer-02-225x300.jpg 225w\" data-sizes=\"(max-width: 450px) 100vw, 450px\" data-rel='gallery-1' data-prev-img='http:\/\/wgmedia-server4.de\/abn-schallschutz.de\/wp-content\/uploads\/2018\/01\/lamda-schalldaempfer-02.jpg' class='lightbox ' data-onclick='2' title='lamda-schalldaempfer-02'  itemprop=\"thumbnailUrl\"  ><img decoding=\"async\" class=\"wp-image-238 avia-img-lazy-loading-not-238\"   src=\"http:\/\/wgmedia-server4.de\/abn-schallschutz.de\/wp-content\/uploads\/2018\/01\/lamda-schalldaempfer-02-180x180.jpg\" width=\"180\" height=\"180\"  title='lamda-schalldaempfer-02' alt='' srcset=\"http:\/\/wgmedia-server4.de\/abn-schallschutz.de\/wp-content\/uploads\/2018\/01\/lamda-schalldaempfer-02-180x180.jpg 180w, http:\/\/wgmedia-server4.de\/abn-schallschutz.de\/wp-content\/uploads\/2018\/01\/lamda-schalldaempfer-02-80x80.jpg 80w, http:\/\/wgmedia-server4.de\/abn-schallschutz.de\/wp-content\/uploads\/2018\/01\/lamda-schalldaempfer-02-36x36.jpg 36w, http:\/\/wgmedia-server4.de\/abn-schallschutz.de\/wp-content\/uploads\/2018\/01\/lamda-schalldaempfer-02-120x120.jpg 120w, http:\/\/wgmedia-server4.de\/abn-schallschutz.de\/wp-content\/uploads\/2018\/01\/lamda-schalldaempfer-02-450x450.jpg 450w\" sizes=\"(max-width: 180px) 100vw, 180px\" \/><div class='big-prev-fake'><img loading=\"lazy\" decoding=\"async\" class=\"wp-image-238 avia-img-lazy-loading-238\"  width=\"450\" height=\"600\" src=\"http:\/\/wgmedia-server4.de\/abn-schallschutz.de\/wp-content\/uploads\/2018\/01\/lamda-schalldaempfer-02.jpg\" title='lamda-schalldaempfer-02' alt='' srcset=\"http:\/\/wgmedia-server4.de\/abn-schallschutz.de\/wp-content\/uploads\/2018\/01\/lamda-schalldaempfer-02.jpg 450w, http:\/\/wgmedia-server4.de\/abn-schallschutz.de\/wp-content\/uploads\/2018\/01\/lamda-schalldaempfer-02-225x300.jpg 225w\" sizes=\"auto, (max-width: 450px) 100vw, 450px\" \/><\/div><\/a><a href=\"http:\/\/wgmedia-server4.de\/abn-schallschutz.de\/wp-content\/uploads\/2018\/01\/lamda-schalldaempfer-03.jpg\" data-rel='gallery-1' data-prev-img='http:\/\/wgmedia-server4.de\/abn-schallschutz.de\/wp-content\/uploads\/2018\/01\/lamda-schalldaempfer-03.jpg' class='lightbox ' data-onclick='3' title='lamda-schalldaempfer-03'  itemprop=\"thumbnailUrl\"  ><img decoding=\"async\" class=\"wp-image-239 avia-img-lazy-loading-not-239\"   src=\"http:\/\/wgmedia-server4.de\/abn-schallschutz.de\/wp-content\/uploads\/2018\/01\/lamda-schalldaempfer-03-180x180.jpg\" width=\"180\" height=\"180\"  title='lamda-schalldaempfer-03' alt='' srcset=\"http:\/\/wgmedia-server4.de\/abn-schallschutz.de\/wp-content\/uploads\/2018\/01\/lamda-schalldaempfer-03-180x180.jpg 180w, http:\/\/wgmedia-server4.de\/abn-schallschutz.de\/wp-content\/uploads\/2018\/01\/lamda-schalldaempfer-03-80x80.jpg 80w, http:\/\/wgmedia-server4.de\/abn-schallschutz.de\/wp-content\/uploads\/2018\/01\/lamda-schalldaempfer-03-36x36.jpg 36w, http:\/\/wgmedia-server4.de\/abn-schallschutz.de\/wp-content\/uploads\/2018\/01\/lamda-schalldaempfer-03-120x120.jpg 120w\" sizes=\"(max-width: 180px) 100vw, 180px\" \/><div class='big-prev-fake'><img loading=\"lazy\" decoding=\"async\" class=\"wp-image-239 avia-img-lazy-loading-239\"  width=\"250\" height=\"183\" src=\"http:\/\/wgmedia-server4.de\/abn-schallschutz.de\/wp-content\/uploads\/2018\/01\/lamda-schalldaempfer-03.jpg\" title='lamda-schalldaempfer-03' alt='' \/><\/div><\/a><\/div><\/div><\/div><\/div><!--close column table wrapper. Autoclose: 1 -->\n\n<style type=\"text\/css\" data-created_by=\"avia_inline_auto\" id=\"style-css-av-xf8jf-02394cec4a2a45766391add7dabc8558\">\n#top .hr.hr-invisible.av-xf8jf-02394cec4a2a45766391add7dabc8558{\nheight:20px;\n}\n<\/style>\n<div  class='hr av-xf8jf-02394cec4a2a45766391add7dabc8558 hr-invisible  avia-builder-el-17  el_after_av_one_full  el_before_av_one_full '><span class='hr-inner '><span class=\"hr-inner-style\"><\/span><\/span><\/div>\n<div class='flex_column_table av-tqfob-8ad406efd738021dafe36ca82fd1bac9 sc-av_one_full av-equal-height-column-flextable'>\n<style type=\"text\/css\" data-created_by=\"avia_inline_auto\" id=\"style-css-av-tqfob-8ad406efd738021dafe36ca82fd1bac9\">\n.flex_column.av-tqfob-8ad406efd738021dafe36ca82fd1bac9{\nborder-radius:0px 0px 0px 0px;\n-webkit-border-radius:0px 0px 0px 0px;\n-moz-border-radius:0px 0px 0px 0px;\n}\n<\/style>\n<div class='flex_column av-tqfob-8ad406efd738021dafe36ca82fd1bac9 av_one_full  avia-builder-el-18  el_after_av_hr  el_before_av_hr  first flex_column_table_cell av-equal-height-column av-align-top  av-animated-generic pop-up av-zero-column-padding '   ><div  class='togglecontainer av-7xob-82155208f23f6d4b12f8d0edc2ea1541  avia-builder-el-19  avia-builder-el-no-sibling  toggle_close_all' >\n<section class='av_toggle_section av-dp2yb-10e19392d86d5c5e235f8049e802641f'  itemscope=\"itemscope\" itemtype=\"https:\/\/schema.org\/CreativeWork\" ><div role=\"tablist\" class=\"single_toggle\" data-tags=\"{Alle} \"  ><p data-fake-id='#toggle-id-1' class='toggler  activeTitle '  itemprop=\"headline\"  role='tab' tabindex='0' aria-controls='toggle-id-1'>Lieferprogramm<span class=\"toggle_icon\"><span class=\"vert_icon\"><\/span><span class=\"hor_icon\"><\/span><\/span><\/p><div id='toggle-id-1' class='toggle_wrap  active_tc' style='display:block;' ><div class='toggle_content invers-color '  itemprop=\"text\" ><p><strong>Lieferprogramm L\u00fcftungs-Schalld\u00e4mpfer<\/strong><\/p>\n<ul>\n<li>Kulissenschalld\u00e4mpfer<\/li>\n<li>Kulissen f\u00fcr Klima- und L\u00fcftungsanlagen<\/li>\n<li>Spezialkulissen bis zu 800 mm dick<\/li>\n<li>Lamda &#8211; Schalld\u00e4mpfer<\/li>\n<li>Helmholz &#8211; Resonatoren<\/li>\n<li>K\u00fchlturmschalld\u00e4mpfer<\/li>\n<\/ul>\n<\/div><\/div><\/div><\/section>\n<\/div><\/div><\/div><!--close column table wrapper. Autoclose: 1 -->\n\n<style type=\"text\/css\" data-created_by=\"avia_inline_auto\" id=\"style-css-av-b8ioj-f0d6518f8fe247a507b2e57a4ff02be4\">\n#top .hr.hr-invisible.av-b8ioj-f0d6518f8fe247a507b2e57a4ff02be4{\nheight:20px;\n}\n<\/style>\n<div  class='hr av-b8ioj-f0d6518f8fe247a507b2e57a4ff02be4 hr-invisible  avia-builder-el-20  el_after_av_one_full  avia-builder-el-last '><span class='hr-inner '><span class=\"hr-inner-style\"><\/span><\/span><\/div>\n","protected":false},"excerpt":{"rendered":"","protected":false},"author":1,"featured_media":0,"parent":691,"menu_order":15,"comment_status":"closed","ping_status":"closed","template":"","meta":{"footnotes":""},"class_list":["post-235","page","type-page","status-publish","hentry"],"_links":{"self":[{"href":"http:\/\/wgmedia-server4.de\/abn-schallschutz.de\/wp-json\/wp\/v2\/pages\/235","targetHints":{"allow":["GET"]}}],"collection":[{"href":"http:\/\/wgmedia-server4.de\/abn-schallschutz.de\/wp-json\/wp\/v2\/pages"}],"about":[{"href":"http:\/\/wgmedia-server4.de\/abn-schallschutz.de\/wp-json\/wp\/v2\/types\/page"}],"author":[{"embeddable":true,"href":"http:\/\/wgmedia-server4.de\/abn-schallschutz.de\/wp-json\/wp\/v2\/users\/1"}],"replies":[{"embeddable":true,"href":"http:\/\/wgmedia-server4.de\/abn-schallschutz.de\/wp-json\/wp\/v2\/comments?post=235"}],"version-history":[{"count":9,"href":"http:\/\/wgmedia-server4.de\/abn-schallschutz.de\/wp-json\/wp\/v2\/pages\/235\/revisions"}],"predecessor-version":[{"id":451,"href":"http:\/\/wgmedia-server4.de\/abn-schallschutz.de\/wp-json\/wp\/v2\/pages\/235\/revisions\/451"}],"up":[{"embeddable":true,"href":"http:\/\/wgmedia-server4.de\/abn-schallschutz.de\/wp-json\/wp\/v2\/pages\/691"}],"wp:attachment":[{"href":"http:\/\/wgmedia-server4.de\/abn-schallschutz.de\/wp-json\/wp\/v2\/media?parent=235"}],"curies":[{"name":"wp","href":"https:\/\/api.w.org\/{rel}","templated":true}]}}